{"id":17170,"date":"2019-01-08T22:39:28","date_gmt":"2019-01-08T15:39:28","guid":{"rendered":"https:\/\/birchprime.rs\/?post_type=product&#038;p=722"},"modified":"2026-02-07T12:55:19","modified_gmt":"2026-02-07T11:55:19","slug":"viseslojna-laminirana-glatka-oplata","status":"publish","type":"product","link":"https:\/\/birchprime.rs\/index.php\/product\/viseslojna-laminirana-glatka-oplata\/","title":{"rendered":"VI\u0160ESLOJNA LAMINIRANA GLATKA OPLATA &#8211; F\/F"},"content":{"rendered":"<p><strong>Lepljenje<\/strong> je otporno na vremenske uslove prema standardu EN 314-2\/Klasa 3, vodootporno.<br \/>\nNamenjena je za unutra\u0161nju i spolja\u0161nju upotrebu.<\/p>\n<p>Na\u0161a brezova \u0161perplo\u010da ispunjava zahteve standarda <em>EN 13986, klasa E1<\/em> (niska emisija formaldehida).<br \/>\nNa zahtev, proizvodi se mogu izra\u0111ivati u skladu sa zahtevima <em>TSCA, klasa VI<\/em>.<br \/>\nLice i pole\u0111ina: tamnosme\u0111a fenolna folija, 120 ili 220 g\/m\u00b2.<\/p>\n<p><strong>Tolerancija:<\/strong><br \/>\nDimenzije (du\u017eina\/\u0161irina): 1000 mm \u00b1 1 mm.<br \/>\nPravougaonost: 1000 mm \u00b1 1 mm dijagonalne du\u017eine.<\/p>\n<p><strong>Ponovna upotreba:<\/strong><br \/>\nTipi\u010dan broj ponovnih upotreba panela prekrivenih folijom gustine 120 g\/m\u00b2 verovatno \u0107e biti od <strong>20<\/strong> do <strong>80<\/strong> puta,<br \/>\nu zavisnosti od faktora kao \u0161to su praksa na gradili\u0161tu, zavr\u0161na obrada i rukovanje.<\/p>\n<p><strong>\u017divotna sredina:<\/strong><br \/>\nNa\u0161i proizvodi ispunjavaju najstro\u017ee ekolo\u0161ke zahteve i koriste kontrolisane drvne resurse.<\/p>\n<table>\n<tbody>\n<tr>\n<td colspan=\"2\" width=\"193\"><\/td>\n<td width=\"85\"><strong><b>6.5mm<\/b><\/strong><\/td>\n<td width=\"85\"><strong><b>9mm<\/b><\/strong><\/td>\n<td width=\"85\"><strong><b>12mm<\/b><\/strong><\/td>\n<td width=\"85\"><strong><b>15mm<\/b><\/strong><\/td>\n<td width=\"85\"><strong><b>18mm<\/b><\/strong><\/td>\n<td width=\"85\"><strong><b>21mm<\/b><\/strong><\/td>\n<td width=\"85\"><strong><b>24mm<\/b><\/strong><\/td>\n<td width=\"85\"><strong><b>27mm<\/b><\/strong><\/td>\n<td width=\"85\"><strong><b>30mm<\/b><\/strong><\/td>\n<\/tr>\n<tr>\n<td rowspan=\"2\" width=\"108\"><strong><b>1250&#215;2500<\/b><\/strong><\/p>\n<p><strong><b>(<\/b><\/strong><strong><b>3.125m<\/b><\/strong><strong><sup><b>2<\/b><\/sup><\/strong><strong><b>)<\/b><\/strong><\/td>\n<td width=\"85\">\n<p style=\"text-align: center;\"><em>Br.komada u m<sup>3<\/sup><\/em><\/p>\n<\/td>\n<td width=\"85\">49.26<\/td>\n<td width=\"85\">35,58<\/td>\n<td width=\"85\">26,66<\/td>\n<td width=\"85\">21,36<\/td>\n<td width=\"85\">17,79<\/td>\n<td width=\"85\">15,24<\/td>\n<td width=\"85\">13,33<\/td>\n<td width=\"85\">11,86<\/td>\n<td width=\"85\">10,67<\/td>\n<\/tr>\n<tr>\n<td width=\"85\">\n<p style=\"text-align: center;\"><em>m<sup>3<\/sup><sup>\u00a0<\/sup>sadr\u017ei m<sup>2<\/sup><\/em><\/p>\n<\/td>\n<td width=\"85\">153,93<\/td>\n<td width=\"85\">111,18<\/td>\n<td width=\"85\">83,31<\/td>\n<td width=\"85\">66,75<\/td>\n<td width=\"85\">55,59<\/td>\n<td width=\"85\">47,625<\/td>\n<td width=\"85\">41,65<\/td>\n<td width=\"85\">37<\/td>\n<td width=\"85\">33,34<\/td>\n<\/tr>\n<tr>\n<td rowspan=\"2\" width=\"108\"><strong><b>625&#215;2500<\/b><\/strong><\/p>\n<p><strong><b>(1.562<\/b><\/strong><strong><b>m<\/b><\/strong><strong><sup><b>2<\/b><\/sup><\/strong><strong><b>)<\/b><\/strong><\/td>\n<td width=\"85\">\n<p style=\"text-align: center;\"><em>Br.komada u m<sup>3<\/sup><\/em><\/p>\n<\/td>\n<td width=\"85\">98,52<\/td>\n<td width=\"85\">71.16<\/td>\n<td width=\"85\">53,32<\/td>\n<td width=\"85\">42,72<\/td>\n<td width=\"85\">35.58<\/td>\n<td width=\"85\">30,48<\/td>\n<td width=\"85\">26,66<\/td>\n<td width=\"85\">23,72<\/td>\n<td width=\"85\">21,34<\/td>\n<\/tr>\n<tr>\n<td width=\"85\">\n<p style=\"text-align: center;\"><em>m<sup>3<\/sup><sup>\u00a0<\/sup>sadr\u017ei m<sup>2<\/sup><\/em><\/p>\n<\/td>\n<td width=\"85\">154,63<\/td>\n<td width=\"85\">111,55<\/td>\n<td width=\"85\">83,52<\/td>\n<td width=\"85\">66,74<\/td>\n<td width=\"85\">55,57<\/td>\n<td width=\"85\">47,60<\/td>\n<td width=\"85\">41,75<\/td>\n<td width=\"85\">37,09<\/td>\n<td width=\"85\">33,36<\/td>\n<\/tr>\n<\/tbody>\n<\/table>\n<table>\n<tbody>\n<tr>\n<td><strong><b>Nominalna debljina (mm)<\/b><\/strong><\/td>\n<td><strong><b>Broj slojeva<\/b><\/strong><\/td>\n<td><strong><b>Debljina (mm) Min.<\/b><\/strong><\/td>\n<td><strong><b>Debljina (mm) Max.<\/b><\/strong><\/td>\n<td><strong><b>Te\u017eina (kg\/m2)<\/b><\/strong><\/td>\n<\/tr>\n<tr>\n<td><strong><b>6,5<\/b><\/strong><\/td>\n<td>5<\/td>\n<td>6,1<\/td>\n<td>6,9<\/td>\n<td>4,6<\/td>\n<\/tr>\n<tr>\n<td><strong><b>9<\/b><\/strong><\/td>\n<td>7<\/td>\n<td>8,8<\/td>\n<td>9,5<\/td>\n<td>6,3<\/td>\n<\/tr>\n<tr>\n<td><strong><b>12<\/b><\/strong><\/td>\n<td>9<\/td>\n<td>11,5<\/td>\n<td>12,5<\/td>\n<td>8,4<\/td>\n<\/tr>\n<tr>\n<td><strong><b>15<\/b><\/strong><\/td>\n<td>11<\/td>\n<td>14,3<\/td>\n<td>15,3<\/td>\n<td>10,5<\/td>\n<\/tr>\n<tr>\n<td><strong><b>18<\/b><\/strong><\/td>\n<td>13<\/td>\n<td>17,1<\/td>\n<td>18,1<\/td>\n<td>12,6<\/td>\n<\/tr>\n<tr>\n<td><strong><b>21<\/b><\/strong><\/td>\n<td>15<\/td>\n<td>20<\/td>\n<td>20,9<\/td>\n<td>14,7<\/td>\n<\/tr>\n<tr>\n<td><strong><b>24<\/b><\/strong><\/td>\n<td>17<\/td>\n<td>22,9<\/td>\n<td>23,7<\/td>\n<td>16,8<\/td>\n<\/tr>\n<tr>\n<td><strong><b>27<\/b><\/strong><\/td>\n<td>19<\/td>\n<td>25,2<\/td>\n<td>26,8<\/td>\n<td>18,9<\/td>\n<\/tr>\n<tr>\n<td><strong><b>30<\/b><\/strong><\/td>\n<td>21<\/td>\n<td>28,1<\/td>\n<td>29,9<\/td>\n<td>20,9<\/td>\n<\/tr>\n<\/tbody>\n<\/table>\n<p>&nbsp;<\/p>\n","protected":false},"excerpt":{"rendered":"<p data-path-to-node=\"3\">Ovo je &#8220;zlatni standard&#8221; u svetu betoniranja. Oznaka <b data-path-to-node=\"3\" data-index-in-node=\"53\">F\/F (Film\/Film)<\/b> zna\u010di da su obe strane plo\u010de oblo\u017eene glatkim fenolnim filmom.<\/p>\n<p data-path-to-node=\"3\"><b data-path-to-node=\"4,0,0\" data-index-in-node=\"0\">\u0160ta je izdvaja:<\/b> Izuzetno je otporna na vlagu, habanje i hemikalije iz betona. Zahvaljuju\u0107i glatkoj povr\u0161ini, omogu\u0107ava veliki broj ponovnih kori\u0161\u0107enja (visok &#8220;turnover&#8221;).<\/p>\n<p data-path-to-node=\"3\"><b data-path-to-node=\"4,1,0\" data-index-in-node=\"0\">Za \u0161ta je dobra:<\/b> Idealna je za <b data-path-to-node=\"4,1,0\" data-index-in-node=\"31\">vidljivi beton (natur-beton)<\/b>. Koristi se tamo gde \u017eelite da povr\u0161ina zida ili stuba nakon skidanja oplate bude savr\u0161eno glatka, bez potrebe za dodatnim malterisanjem ili obradom.<\/p>\n<p data-path-to-node=\"3\">Tehni\u010dki list proizvoda:<\/p>\n<p data-path-to-node=\"3\"><a href=\"https:\/\/birchprime.rs\/wp-content\/uploads\/2026\/01\/VISESLOJNE-LAMINIRANE-OBOSTRANO-GLATKE-PLOCE-OBLOZENE-FOLIJOM.pdf\" target=\"_blank\" rel=\"noopener\"><img loading=\"lazy\" decoding=\"async\" class=\"alignleft wp-image-17521\" src=\"https:\/\/birchprime.rs\/wp-content\/uploads\/2019\/01\/pdfbtn.png\" alt=\"\" width=\"100\" height=\"33\" srcset=\"https:\/\/birchprime.rs\/wp-content\/uploads\/2019\/01\/pdfbtn.png 300w, https:\/\/birchprime.rs\/wp-content\/uploads\/2019\/01\/pdfbtn-18x6.png 18w\" sizes=\"auto, (max-width: 100px) 100vw, 100px\" \/><\/a><\/p>\n","protected":false},"featured_media":17500,"template":"","meta":[],"product_brand":[104],"product_cat":[15],"product_tag":[],"class_list":{"0":"post-17170","1":"product","2":"type-product","3":"status-publish","4":"has-post-thumbnail","6":"product_brand-birch-prime","7":"product_cat-birch-prime","9":"first","10":"instock","11":"featured","12":"shipping-taxable","13":"product-type-variable"},"_links":{"self":[{"href":"https:\/\/birchprime.rs\/index.php\/wp-json\/wp\/v2\/product\/17170","targetHints":{"allow":["GET"]}}],"collection":[{"href":"https:\/\/birchprime.rs\/index.php\/wp-json\/wp\/v2\/product"}],"about":[{"href":"https:\/\/birchprime.rs\/index.php\/wp-json\/wp\/v2\/types\/product"}],"wp:featuredmedia":[{"embeddable":true,"href":"https:\/\/birchprime.rs\/index.php\/wp-json\/wp\/v2\/media\/17500"}],"wp:attachment":[{"href":"https:\/\/birchprime.rs\/index.php\/wp-json\/wp\/v2\/media?parent=17170"}],"wp:term":[{"taxonomy":"product_brand","embeddable":true,"href":"https:\/\/birchprime.rs\/index.php\/wp-json\/wp\/v2\/product_brand?post=17170"},{"taxonomy":"product_cat","embeddable":true,"href":"https:\/\/birchprime.rs\/index.php\/wp-json\/wp\/v2\/product_cat?post=17170"},{"taxonomy":"product_tag","embeddable":true,"href":"https:\/\/birchprime.rs\/index.php\/wp-json\/wp\/v2\/product_tag?post=17170"}],"curies":[{"name":"wp","href":"https:\/\/api.w.org\/{rel}","templated":true}]}}